n factor of 69 and f?
23
Suppose 3*z + 0*z = 90. Let o be 7/(280/24) - 194/(-10). What is the highest common factor of z and o?
10
Suppose w - 91 = -4*q, 2*w + 7*q - 93 = 86. Calculate the highest common divisor of w and 16590.
79
Let m be (-4)/(-30) + (-17380)/(-150). Let a = -121 + m. Let q(i) = 2*i**2 + 5*i + 8. Let z be q(a). What is the greatest common factor of z and 22?
11
Suppose 5*g + 52 = -0*a + 3*a, -10 = 5*g. Suppose -9*d + 199*d - 58570 = 5270. Calculate the highest common divisor of d and a.
14
Let w = -13 - -16. Let r = 7073 + -6890. What is the greatest common divisor of w and r?
3
Let y be 12/14 - (-39022)/763. Let p = -29 + 81. Calculate the highest common divisor of y and p.
52
Let x be (-6)/(-8) - (-4218)/8. Let s be ((-300)/(-825) - (-630)/22) + (2 - -2). Calculate the greatest common factor of x and s.
33
Let n be (-3 - 6) + (-2 - -47). Let t be (1/(-2))/(n/(-1224)). Calculate the highest common divisor of t and 153.
17
Let k be ((-1)/(-1))/(14/(-28)). Let o be 7/k*17/(153/(-54)). Let s be (24/o)/(2/7). Calculate the greatest common factor of s and 12.
4
Let v(j) = 3*j + 7. Let c be v(5). Suppose 195 = -c*m + 25*m. Suppose -5*h = 5*o - 135, -h + 4*h + 23 = o. What is the highest common factor of o and m?
13
Suppose -2755 = -5*y + 4*p, 5*y = -36*p + 33*p + 2790. Calculate the greatest common factor of y and 90.
15
Let b = 568 + -359. What is the greatest common divisor of 1349 and b?
19
Let l = 21277 + -12444. What is the highest common divisor of l and 121?
121
Let c be (12/(-40))/3 - -29405*(-8)/(-400). What is the highest common factor of 1421 and c?
49
Let m(q) = -q**3 - 8*q**2 - 7*q - 16. Let i be m(-8). Suppose 79 = 2*s - 21. Let h be 40/s*1*25. What is the greatest common factor of h and i?
20
Let f = -3245 + 4395. What is the highest common divisor of 650 and f?
50
Suppose a = -3*a - 2*l - 32, 0 = 4*a + 4*l + 40. Let f be 10/(-3)*a/(-5) + 61. Let k = -51 + f. Calculate the highest common factor of k and 21.
3
Let y = 128 + -84. Suppose -j - d = -y, 4 = j - 3*d - 56. Calculate the greatest common factor of 112 and j.
16
Let w be 6*(-1)/8 - 381252/(-48). What is the highest common divisor of 38 and w?
38
Suppose 3*m - 5*i = 1422, 3*i = 8*i - 30. Calculate the greatest common divisor of m and 220.
44
Suppose 0 = -4*o - 4*d + 13988, 6*d - 6999 = -2*o + 3*d. Suppose -o = -18*c + 828. Calculate the highest common factor of c and 20.
20
Suppose 3 = 3*c - 3*q, 15*q = 5*c + 17*q - 19. Suppose 0 = 2*m - x - 42, -69 = -2*m - 5*x - c. What is the highest common divisor of m and 115?
23
Let u be (-1)/(-14) + 4509/378. Calculate the highest common factor of u and 27.
3
Let d be 5 + 1 + 0 + -1. Suppose -6*n - 59 = -9*n + d*u, 0 = -4*n + 3*u + 75. What is the greatest common factor of 15 and n?
3
Suppose 0 = -45*b - 18*b + 33894. What is the greatest common factor of 2 and b?
2
Suppose -160 = -n - 2*k, 11*n - 14*n = -3*k - 435. Calculate the highest common divisor of 108 and n.
6
Suppose 17*y = 52*y - 55 - 295. What is the highest common factor of y and 3730?
10
Suppose -164*a + 30 = -154*a. Suppose -q + a*u = 13, -2*q = -5*u + 16 + 5. What is the greatest common divisor of q and 38?
2
Let g(s) = 2*s**2 - 17*s + 45. Let m be g(10). Let w = -5 + m. Let c(u) = 23*u - 4. Let z be c(2). Calculate the highest common factor of z and w.
14
Suppose -5*j = -1088 - 1737. Suppose -j = -4*m - 33. Calculate the highest common divisor of 14 and m.
7
Let b(p) be the second derivative of 23*p**4/12 + p**3/2 + 2*p**2 + 3*p. Let j be b(-4). Let w = -96 + j. What is the greatest common factor of 33 and w?
33
Let o(k) = -4*k**3 + k. Let f be o(-1). Suppose 3 = -z, -a - 4*z = -z - f. Let y = -3031 + 3049. What is the highest common divisor of y and a?
6
Let m be 155156553/17775 + 2/50*2. What is the highest common factor of 903 and m?
301
Suppose 3*s - 4*s + 1 = 0. Suppose -22*w - 3*w + 9*w = -176. Let k be 8/(s*-1*(-13 + w)). What is the greatest common divisor of k and 1?
1
Suppose -4*n - o = -3*o - 90, -2*n = -4*o - 36. Let m be (n/(-32))/((-3)/80). Suppose 0 = -2*f + 2 + 14. Calculate the highest common factor of f and m.
4
Let h = -9995 + 10014. What is the highest common divisor of 7239 and h?
19
Suppose 0 = 24*g - 23*g + 5*t - 947, -2*t = 4*g - 3770. What is the highest common divisor of 12 and g?
6
Let k = -29371 - -29383. Suppose -18 = 3*q - 1170. Calculate the greatest common divisor of k and q.
12
Let f be (((-24)/(-10))/((-63)/(-770)))/((-114)/(-171)). Calculate the greatest common divisor of 649 and f.
11
Let h = -31395 - -31481. Calculate the highest common factor of 7869 and h.
43
Suppose 35*r = 39*r - 260. Let n(j) = -j**3 - 14*j**2 - 15*j - 13. Let f be n(-13). Suppose 10*k - f = 9*k. Calculate the highest common divisor of r and k.
13
Let b be (-5)/(-2*(5/6)/(-5)). Let r = b - 56. Let j = -56 - r. Calculate the highest common divisor of j and 45.
15
Suppose -4*s = -6*s + 2, 3 = 2*v - 5*s. Suppose -m + 8 = -l, 15 = v*m + l - 7. Suppose -4*x = -5*x + 3. What is the highest common factor of x and m?
3
Suppose 23972 - 11162 = -22*q + 205816. What is the highest common factor of q and 31?
31
Let i = 218 + -216. Suppose -10*z - 3*l + 192 = -5*z, 188 = 5*z + i*l. Calculate the greatest common divisor of z and 972.
36
Let h(n) = 45*n**2 + 345*n - 6. Let y be h(-8). Calculate the highest common factor of y and 114.
114
Let y be (-145)/20 + 7 + (-14)/8. Let v be 4*(-31)/y*114/76. What is the greatest common divisor of v and 62?
31
Suppose 0*y + 78 = 13*y. Let c(v) = v**3 - 4*v - 2. Let l be c(y). What is the greatest common factor of l and 40?
10
Suppose 311 = 12*b - l, 4*b - 100*l = -101*l + 105. What is the highest common factor of 90 and b?
2
Let a(s) = s**3 + 7*s**2 + 2*s - 15. Let n be a(-6). Suppose 50*l + n = 51*l. Suppose 5*r + 48 = l*r. What is the highest common divisor of 18 and r?
6
Suppose 6 = v + 3*y, -13*y + 18*y - 2 = -3*v. Let q = 16 + v. Calculate the highest common factor of q and 15.
5
Let x = -115539 - -115571. Suppose d + 640 = 5*d. What is the highest common divisor of d and x?
32
Suppose x + 8 = 3*x. Let h = 25 + -22. Suppose -u + 4*y - 48 = -2*u, -h*u + 5*y = -59. Calculate the greatest common divisor of x and u.
4
Suppose 120*m - 117*m - 15 = 0. Let i(z) = -z**3 + 8*z**2 - 13*z - 9. Let a be i(m). What is the greatest common divisor of 7 and a?
1
Let v be 574 + 0 - 6/(-9)*-3. Suppose -2*j + 42 = v. Let s = 474 + j. Calculate the highest common factor of s and 11.
11
Let v be (615/164)/((-3)/(-2056)). Calculate the highest common factor of v and 10.
10
Let k(v) = 3*v + 11. Let f be k(7). Let r = 97 - f. Let d be (-1)/((r/360)/(-13)). Calculate the highest common factor of d and 8.
8
Suppose -4*q - 3*m = -17, -2*q + 0*q = -m - 11. Let i be (-1)/((20/(-212))/(-5)). Let x = -38 - i. What is the highest common factor of q and x?
5
Suppose 0 = -5*r + 3*l + 14543, l = 5*r - 9*r + 11648. Calculate the greatest common divisor of 142 and r.
71
Let q = 686 + -206. Suppose -10152 = -7*v + 43*v. Let k = v + q. What is the greatest common factor of 22 and k?
22
Let p be -26*5/(-10)*3*2. What is the greatest common factor of p and 1196?
26
Let a be 7/((-49)/(-14))*892/8. Let u = a + -188. What is the greatest common divisor of u and 245?
35
Suppose 0 = -3*o - 0*o - 4*o + 1470. Calculate the greatest common divisor of o and 98.
14
Let t be (-2)/(-3) + 1/3. Let u(f) be the second derivative of 4*f**3/3 - f**2 + 398*f. Let i be u(t). Calculate the greatest common divisor of 12 and i.
6
Let z be -2 - (35/((-280)/66384) - 3). What is the highest common divisor of z and 43?
43
Let n be -1*((-1)/7 - 6/(-42)). Suppose 0 = -4*z + q - 5*q + 36, -40 = -4*z - 5*q. Suppose -2*f - z + 33 = n. Calculate the greatest common divisor of 14 and f.
14
Let z = -84 + 132. Let x(u) = 20*u**2 - 8. Let p be x(-2). Calculate the greatest common divisor of p and z.
24
Let u = 4053 - 3853. Calculate the greatest common divisor of 880 and u.
40
Suppose 6*x - 58 - 2 = 0. Calculate the highest common divisor of 164 and x.
2
Let f be ((-738)/164)/(2/(-4)). Let x be (((-462)/3)/(-7))/(6/f). Calculate the greatest common factor of 9 and x.
3
Let i be (90/(-21))/(18/(-84)). Suppose 0*c + 280 = -i*c. Let j = c + 210. Calculate the greatest common factor of 49 and